 digit of 15691?
1
What is the thousands digit of 1747?
1
What is the tens digit of 5368?
6
What is the units digit of 8486?
6
What is the ten thousands digit of 13226?
1
What is the thousands digit of 46192?
6
What is the ten thousands digit of 60047?
6
What is the units digit of 6535?
5
What is the units digit of 4302?
2
What is the hundreds digit of 1725?
7
What is the units digit of 4387?
7
What is the tens digit of 1918?
1
What is the hundreds digit of 495?
4
What is the hundreds digit of 857?
8
What is the ten thousands digit of 22529?
2
What is the hundreds digit of 34470?
4
What is the thousands digit of 1771?
1
What is the thousands digit of 2699?
2
What is the units digit of 1650?
0
What is the thousands digit of 4382?
4
What is the hundreds digit of 537?
5
What is the tens digit of 1456?
5
What is the tens digit of 9556?
5
What is the hundreds digit of 10006?
0
What is the units digit of 106507?
7
What is the tens digit of 275?
7
What is the hundreds digit of 24771?
7
What is the tens digit of 459?
5
What is the thousands digit of 29085?
9
What is the thousands digit of 5300?
5
What is the thousands digit of 7128?
7
What is the hundreds digit of 2777?
7
What is the ten thousands digit of 63456?
6
What is the tens digit of 9669?
6
What is the hundreds digit of 4606?
6
What is the tens digit of 33207?
0
What is the thousands digit of 2758?
2
What is the hundreds digit of 1819?
8
What is the tens digit of 24193?
9
What is the thousands digit of 3240?
3
What is the tens digit of 2263?
6
What is the hundreds digit of 43053?
0
What is the ten thousands digit of 35688?
3
What is the hundreds digit of 8829?
8
What is the tens digit of 38366?
6
What is the units digit of 4525?
5
What is the tens digit of 1821?
2
What is the hundreds digit of 11953?
9
What is the units digit of 35731?
1
What is the tens digit of 5563?
6
What is the hundreds digit of 798?
7
What is the tens digit of 105?
0
What is the thousands digit of 19123?
9
What is the hundreds digit of 8848?
8
What is the units digit of 65670?
0
What is the ten thousands digit of 34944?
3
What is the hundreds digit of 245?
2
What is the tens digit of 6706?
0
What is the hundreds digit of 595?
5
What is the thousands digit of 1001?
1
What is the units digit of 119556?
6
What is the tens digit of 12273?
7
What is the hundreds digit of 5476?
4
What is the tens digit of 278?
7
What is the tens digit of 435?
3
What is the hundreds digit of 1565?
5
What is the tens digit of 655?
5
What is the hundreds digit of 2299?
2
What is the thousands digit of 1925?
1
What is the hundreds digit of 5093?
0
What is the units digit of 1840?
0
What is the tens digit of 308?
0
What is the tens digit of 6132?
3
What is the hundreds digit of 20891?
8
What is the units digit of 7106?
6
What is the thousands digit of 1853?
1
What is the units digit of 2144?
4
What is the thousands digit of 93164?
3
What is the tens digit of 2023?
2
What is the hundreds digit of 39368?
3
What is the hundreds digit of 352?
3
What is the hundreds digit of 6782?
7
What is the hundreds digit of 5658?
6
What is the thousands digit of 7640?
7
What is the tens digit of 1658?
5
What is the thousands digit of 9695?
9
What is the units digit of 342?
2
What is the hundreds digit of 2639?
6
What is the thousands digit of 1261?
1
What is the tens digit of 690?
9
What is the ten thousands digit of 200884?
0
What is the tens digit of 26358?
5
What is the units digit of 87039?
9
What is the hundreds digit of 248?
2
What is the units digit of 3265?
5
What is the units digit of 595?
5
What is the tens digit of 3138?
3
What is the tens digit of 858?
5
What is the hundreds digit of 2071?
0
What is the hundreds digit of 4079?
0
What is the tens digit of 928?
2
What is the ten thousands digit of 27967?
2
What is the hundreds digit of 24823?
8
What is the hundred thousands digit of 111766?
1
What is the units digit of 140145?
5
What is the hundreds digit of 8342?
3
What is the tens digit of 1609?
0
What is the tens digit of 27133?
3
What is the units digit of 102025?
5
What is the thousands digit of 88491?
8
What is the thousands digit of 6220?
6
What is the units digit of 1289?
9
What is the tens digit of 307?
0
What is the thousands digit of 9382?
9
What is the hundreds digit of 4266?
2
What is the thousands digit of 16488?
6
What is the hundreds digit of 582?
5
What is the ten thousands digit of 17245?
1
What is the units digit of 98?
8
What is the hundreds digit of 1493?
4
What is the thousands digit of 96136?
6
What is the hundreds digit of 80891?
8
What is the tens digit of 874?
7
What is the units digit of 2020?
0
What is the hundreds digit of 1679?
6
What is the tens digit of 451?
5
What is the tens digit of 726?
2
What is the thousands digit of 37327?
7
What is the thousands digit of 31376?
1
What is the tens digit of 107547?
4
What is the units digit of 2859?
9
What is the units digit of 2752?
2
What is the thousands digit of 1645?
1
What is the hundreds digit of 16885?
8
What is the thousands digit of 4666?
4
What is the tens digit of 363?
6
What is the units digit of 4504?
4
What is the hundreds digit of 595?
5
What is the units digit of 976?
6
What is the hundreds digit of 6578?
5
What is the thousands digit of 2354?
2
What is the hundreds digit of 7278?
2
What is the thousands digit of 98047?
8
What is the units digit of 988?
8
What is the thousands digit of 26354?
6
What is the thousands digit of 28269?
8
What is the tens digit of 1035?
3
What is the units digit of 1474?
4
What is the tens digit of 3849?
4
What is the units digit of 1090?
0
What is the ten thousands digit of 70692?
7
What is the units digit of 329?
9
What is the hundreds digit of 323?
3
What is the hundreds digit of 461?
4
What is the hundreds digit of 133477?
4
What is the hundreds digit of 490?
4
What is the thousands digit of 49591?
9
What is the thousands digit of 14515?
4
What is the thousands digit of 12681?
2
What is the units digit of 43670?
0
What is the thousands digit of 91709?
1
What is the tens digit of 4260?
6
What is the units digit of 2455?
5
What is the units digit of 77291?
1
What is the units digit of 2485?
5
What is the tens digit of 161?
6
What is the hundreds digit of 1520?
5
What is the tens digit of 3133?
3
What is the tens digit of 746?
4
What is the thousands digit of 20998?
0
What is the tens digit of 1994?
9
What is the hundreds digit of 23075?
0
What is the units digit of 1439?
9
What is the units digit of 668?
8
What is the thousands digit of 1682?
1
What is the units digit of 2175?
5
What is the thousands digit of 2486?
2
What is the tens digit of 1122?
2
What is the units digit of 905?
5
What is the tens digit of 560?
6
What is the hundreds digit of 1931?
9
What is the tens digit of 112244?
4
What is the units digit of 79544?
4
What is the thousands digit of 8095?
8
What is the units digit of 255?
5
What is the thousands digit of 8716?
8
What is the hundreds digit of 76343?
3
What is the hundreds digit of 3321?
3
What is the thousands digit of 4854?
4
What is the units digit of 30380?
0
What is the tens digit of 49?
4
What is the tens digit of 1248?
4
What is the thousands digit of 22700?
2
What is the thousands digit of 7491?
7
What is the ten thousands digit of 22091?
2
What is the tens digit of 429?
2
What is the thousands digit of 11031?
1
What is the hundreds digit of 355?
3
What is the hundreds digit of 3097?
0
What is the thousands digit of 33102?
3
What is the tens digit of 6658?
5
What is the tens digit of 14032?
3
What is the hundreds digit of 661?
6
What is the thousands digit of 5782?
5
What is the units digit of 792?
2
What is the units digit of 52224?
4
What is the hundreds digit of 7430?
4
What is the thousands digit of 42014?
2
What is the units digit of 12025?
5
What is the units digit of 128?
8
What is the units digit of 9911?
1
What is the hundreds digit of 588?
5
What is the ten thousands digit of 24283?
2
What is the thousands digit of 9559?
9
What is the hundreds digit of 348?
3
What is the hundreds digit of 717?
7
What is the units digit of 31210?
0
What is the hundreds digit of 2150?
1
What is the tens digit of 17297?
9
What is the units digit of 734?
4
What is the tens digit of 1192?
9
What is the tens digit of 